 22*y**2 - 14*y + 48. Determine u(-22).
356
Let f(k) = -k**3 + 24*k**2 - 46*k + 66. Determine f(22).
22
Let f(a) = a**3 + 24*a**2 + 160*a + 15. Determine f(-13).
-206
Let c(a) = -a**3 - 5*a**2 - 5*a - 1. Give c(-5).
24
Let l(x) = -8*x**2 + 253*x - 101. Determine l(31).
54
Let v(y) = 2*y**3 - 472*y**2 + 942*y - 1386. Calculate v(234).
18
Let f(u) = -u**3 - 32*u**2 - 2*u - 67. Give f(-32).
-3
Let u(a) = 2*a**2 - 11*a - 716. Calculate u(-28).
1160
Let c(z) = 2747*z + 30218. Determine c(-11).
1
Let o(g) = g**2 + 32*g + 229. Calculate o(-11).
-2
Let l(b) = 11*b**3 - 2*b**2 - 4*b - 2. What is l(-1)?
-11
Let o(b) = b**3 - 17*b**2 - 14*b + 50. Calculate o(17).
-188
Let m(t) = t**2 + 29*t + 94. Calculate m(-5).
-26
Let z(l) = -l**3 - 14*l**2 - 6*l - 36. Determine z(-14).
48
Let u(t) = 5*t - 323. What is u(64)?
-3
Let j(l) = -2*l**3 + 24*l**2 + 10*l + 159. Give j(13).
-49
Let j(m) = -2*m**3 - 34*m**2 - 8*m - 274. Determine j(-17).
-138
Let q(w) = -w**3 + 341*w + 311. What is q(-18)?
5
Let j(g) = -g**2 - 244*g + 19343. Calculate j(63).
2
Let g(d) = -d**3 + 22*d**2 - 9*d + 56. What is g(22)?
-142
Let z(y) = -16*y**2 - 410*y - 248. What is z(-25)?
2
Let i(p) = -2555*p - 5120. Give i(-2).
-10
Let j(b) = -117*b - 1181. Calculate j(-10).
-11
Let d(f) = f**3 + 31*f**2 - 62*f - 176. What is d(-33)?
-308
Let i(f) = -f**3 - f**2 - 3*f + 237. Determine i(0).
237
Let o(g) = 20*g - 866. Give o(15).
-566
Let y(w) = w**3 - 15*w**2 + 2*w + 6. Determine y(15).
36
Let m(q) = -2*q**3 + 112*q**2 - q + 54. Determine m(56).
-2
Let j(x) = 2871*x - 34465. Calculate j(12).
-13
Let u(r) = 439*r + 4. Give u(-1).
-435
Let s(v) = v**3 - 130*v**2 - 260*v - 540. Determine s(132).
-12
Let z(i) = 53*i + 1657. Calculate z(-31).
14
Let a(j) = -2*j**3 + 267*j**2 + 415*j - 1358. Give a(135).
-8
Let q(p) = -4*p**3 - 53*p**2 - 179*p - 77. Calculate q(-8).
11
Let l(b) = -b**2 - 288*b - 19300. Determine l(-182).
-8
Let d(q) = -34*q**2 - 49*q - 37. Determine d(-1).
-22
Let a(x) = 3*x**2 - 82*x + 9. Give a(27).
-18
Let f(s) = 3*s**2 - 23*s - 129. Give f(12).
27
Let b(g) = 6*g + 205. Determine b(-30).
25
Let j(p) = -6*p**2 - 99*p + 35. What is j(-16)?
83
Let z(v) = -2*v**3 + 42*v**2 - 24*v - 78. What is z(21)?
-582
Let p(w) = 3*w**3 + 40*w**2 - 21*w + 31. What is p(-14)?
-67
Let u(a) = 2*a**2 - 198*a - 3. Calculate u(0).
-3
Let b(d) = -d**2 - 169*d - 6486. Give b(-59).
4
Let k(d) = -84*d + 108. Determine k(6).
-396
Let t(b) = -66*b**2 - 1102*b + 334. Give t(-17).
-6
Let h(z) = -4*z**2 - 336*z - 1368. What is h(-4)?
-88
Let n(g) = -44*g - 10981. Give n(-250).
19
Let y(f) = -2*f**3 - 29*f**2 - 17*f - 101. Give y(-14).
-59
Let y(f) = 122*f - 2718. Determine y(20).
-278
Let y(j) = 2*j**3 - 20*j**2 + 17*j. Determine y(10).
170
Let v(d) = -d**2 + 197*d - 4590. Determine v(27).
0
Let q(j) = 20*j**2 - 14*j - 12. What is q(-1)?
22
Let m(g) = -75*g**2 - 2*g - 25. Calculate m(0).
-25
Let q(b) = b**3 - 4*b**2 - 6*b - 31. Determine q(7).
74
Let j(h) = -327*h**2 - 2615*h - 2. Determine j(-8).
-10
Let g(z) = z**3 - 201*z**2 + 965*z + 2927. Determine g(196).
-13
Let y(o) = -6*o**3 - 44*o**2 - 61*o + 6. Give y(-2).
0
Let v(i) = 69*i - 532. Give v(8).
20
Let g(y) = -y**3 + 25*y**2 + 83*y - 297. Calculate g(27).
486
Let x(z) = -42*z**2 - 878*z + 80. What is x(-21)?
-4
Let j(i) = 2*i**2 - 419*i - 212. What is j(210)?
-2
Let l(k) = 2*k**3 + 2*k**2 - 6*k - 4. Calculate l(-2).
0
Let x(c) = -c**2 - 21*c - 57. Calculate x(12).
-453
Let l(t) = -58*t + 451. Determine l(8).
-13
Let v(l) = -3*l**3 + 150*l**2 - 677*l + 96. Determine v(45).
6
Let y(u) = -1577*u - 37836. What is y(-24)?
12
Let h(u) = -2*u**3 + 46*u**2 - 204*u + 44. What is h(6)?
44
Let x(j) = -j**2 + 35*j + 319. Calculate x(43).
-25
Let a(o) = o**2 - 39*o - 356. Give a(-8).
20
Let a(v) = -4*v**3 + 5*v**2 + 27*v + 113. What is a(-5)?
603
Let z(w) = 21*w**2 - 441*w - 7. Give z(21).
-7
Let o(u) = -2*u**3 - 38*u**2 - 50*u + 66. What is o(-18)?
318
Let j(s) = -144*s - 10. Give j(0).
-10
Let b(n) = -n**2 + 31*n + 107. What is b(35)?
-33
Let r(m) = 120*m + 4162. What is r(-34)?
82
Let m(f) = f**3 + 208*f**2 + 203*f - 832. Calculate m(-207).
-4
Let j(o) = -17*o**2 - 801*o - 93. Calculate j(-47).
1
Let w(i) = i**3 + 28*i**2 + 22*i - 85. Determine w(-27).
50
Let f(c) = -15*c - 229. Give f(-16).
11
Let n(o) = o**3 - 84*o**2 + 88*o - 259. Calculate n(83).
156
Let t(l) = 47*l + 487. Give t(-11).
-30
Let m(j) = -j**2 + 90*j - 930. Give m(12).
6
Let c(k) = 27*k - 171. Calculate c(5).
-36
Let p(r) = 635*r - 8281. Calculate p(13).
-26
Let d(z) = -2*z**2 - 93*z - 1007. Calculate d(-17).
-4
Let h(c) = c**2 - 22*c - 161. Determine h(26).
-57
Let m(x) = -8*x**2 + 436*x - 227. Calculate m(54).
-11
Let t(q) = -q**3 - 102*q - 31. Give t(0).
-31
Let p(h) = 11*h**2 + 381*h - 135. Give p(-35).
5
Let o(x) = 2241*x - 13390. Give o(6).
56
Let z(a) = -3*a + 53. Determine z(9).
26
Let h(o) = -o**2 + 24*o - 70. Calculate h(9).
65
Let m(t) = -37*t**2 + 1923*t + 49. What is m(52)?
-3
Let s(n) = -n**3 + 14*n**2 - 14*n - 36. Calculate s(14).
-232
Let b(j) = j**3 + 35*j**2 + 32*j - 98. Give b(-34).
-30
Let s(o) = -2*o**3 + 34*o**2 - 76*o + 239. What is s(15)?
-1
Let q(z) = -z**3 + 20*z**2 + 126*z - 2216. Calculate q(21).
-11
Let m(y) = y**3 - 24*y**2 - 10*y - 375. Give m(25).
0
Let q(w) = w**3 - 13*w**2 - 85*w + 120. Give q(17).
-169
Let u(p) = 91*p - 926. What is u(10)?
-16
Let m(v) = 104*v + 9774. Determine m(-94).
-2
Let w(h) = -56*h + 175. Give w(4).
-49
Let k(h) = -h**3 + 66*h**2 - 970*h + 19. Determine k(22).
-25
Let u(m) = 21*m - 876. Give u(42).
6
Let h(k) = -k**3 + 9*k**2 + 6*k - 82. Determine h(8).
30
Let i(k) = 13*k**2 - 69*k + 71. Give i(1).
15
Let v(h) = h**3 - 10*h**2 - 69*h - 98. Give v(-3).
-8
Let x(w) = w**3 - 169*w**2 + 329*w + 835. Calculate x(167).
0
Let u(w) = -w**3 - w**2 - 6*w - 28. Determine u(-3).
8
Let j(y) = -7*y**2 + 6*y + 60. What is j(12)?
-876
Let h(g) = g**2 + 2*g + 4. Calculate h(-5).
19
Let n(m) = -m**3 + 79*m**2 + 240*m + 439. Determine n(82).
-53
Let v(p) = -6*p**2 - 31*p. Give v(-7).
-77
Let x(j) = 37*j + 3971. Give x(-108).
-25
Let i(y) = 26*y**2 - 166*y - 110. Give i(7).
2
Let c(f) = -5329*f - 58629. What is c(-11)?
-10
Let i(x) = -x**3 + 16*x**2 + 13*x - 403. What is i(15)?
17
Let h(a) = 135*a - 2484. Give h(18).
-54
Let y(t) = -3*t**2 + 175*t + 551. Determine y(-3).
-1
Let v(t) = -534*t - 2765. Give v(-5).
-95
Let g(h) = -9*h**2 + 336*h - 328. What is g(1)?
-1
Let d(w) = 36*w + 24. Give d(-5).
-156
Let p(r) = -r**3 + 39*r**2 - 309*r + 7. Calculate p(28).
-21
Let k(l) = -l**2 - 1081*l + 12056. What is k(11)?
44
Let p(g) = -59*g**3 + 410*g**2 - 14*g + 247. Determine p(7).
2
Let y(p) = 82*p**3 + 4*p**2 - 5*p. Calculate y(1).
81
Let a(u) = -5*u**2 + 8*u + 13. Calculate a(-6).
-215
Let g(j) = 36*j - 5204. What is g(147)?
88
Let v(y) = 4595*y + 18350. What is v(-4)?
-30
Let h(l) = -254*l - 5831. Determine h(-23).
11
Let d(i) = -i**3 + 67*i**2 - 368*i + 116. Give d(61).
-6
Let d(j) = 14*j**3 - 6*j**2 + 5*j + 25. What is d(2)?
123
Let n(g) = g**3 - 39*g**2 + 103*g + 237. Determine n(36).
57
Let d(u) = -66*u + 10. Determine d(-3).
208
Let g(i) = -3*i**2 - 22*i + 12. Give g(-7).
19
Let o(k) = k**3 + 15*k**2 - 29*k + 78. Determine o(-17).
-7
Let p(u) = -92*u - 463. What is p(-6)?
89
Let s(c) = -c**3 - 27*c**2 - 19*c + 17. Calculate s(-26).
-165
Let u(q) = 4*q**3 + 16*q**2 + 6*q + 97. Give u(-5).
-33
Let l(p) = -6622*p + 19860. What is l(3)?
-6
Let p(x) = x**2 - x + 7. Determine p(-3).
19
Let k(f) = -100*f - 9467. Determine k(-95).
33
Let i(q) = 13*q + 49. Calculate i(2).
75
Let s(k) = k**2 - 95*k + 1310. Calculate s(17).
-16
Let n(z) = -6*z**2 + 667*z + 2650. Determine n(115).
5
Let x(j) = -167*j**2 + 8*j + 2. Calculate x(-1).
-173
Let b(c) = -c**3 + 6*c**2 - 4*c + 120. What is b(8)?
-40
Let u(j) = j**3 - 7*j**2 + 13*j - 17. Give u(2).
-11
Let x(z) = -1739*z + 15641. Calculate x(9).
-10
Let d(r) = 17*r - 10. Calculate d(-8).
-146
Let g(l) = -16*l**2 + 1167*l - 75. Calculate g(73).
-148
Let u(w) = 1313*w**2 + 11818*w + 11. Give u(-9).
2
Let l(b) = b**3 - 25*b**2 - 10*b + 146. Determine l(25).
-104
Let u(b) = 781*b - 21083. Calculate u(27).
4
Let l(t) = t**2 + 23*t + 207. Calculate l(-11).
75
Let z(v) = 263*v - 2357. Give z(9).
10
Let k(n) = 29*n + 951. What is k(-3